{"id":691,"date":"2018-04-18T12:51:19","date_gmt":"2018-04-18T16:51:19","guid":{"rendered":"http:\/\/www.asysco.cl\/?page_id=691"},"modified":"2018-04-18T13:44:43","modified_gmt":"2018-04-18T17:44:43","slug":"gestion-de-negocios-e-informacion-comercial","status":"publish","type":"page","link":"https:\/\/www.asysco.cl\/?page_id=691","title":{"rendered":"Gesti\u00f3n de Negocios"},"content":{"rendered":"<p>No s\u00f3lo las Ventas y Finanzas son el quehacer de un negocio, tambi\u00e9n existen m\u00faltiples tareas operativas no menores que ayudan a mover los engranajes mayores de la actividad comercial, es por eso que adem\u00e1s de los servicios ofrecidos, tambi\u00e9n existen servicios de apoyo a la gesti\u00f3n y que a veces resultan en una distracci\u00f3n de la labor comercial, por eso tambi\u00e9n nos permitimos\u00a0Ofrecer:<\/p>\n<ol>\n<li>Servicio de Mensajer\u00eda dentro y fuera de\u00a0Valor por Viaje<\/li>\n<li>Servicios Generales de Mantenciones B\u00e1sicas\u00a0Valor por Trabajo realizado<\/li>\n<li>Servicios de Secretariado y afines\u00a0Valor por Hora<\/li>\n<li>Servicio de Cobros y tramitaci\u00f3n de Bonos\u00a0Valor a Convenir seg\u00fan Volumen<\/li>\n<li>Servicio de Transporte de Cargas Menores\u00a0Valor por Distancia<\/li>\n<li>Servicio de Inform\u00e1tica y reparaci\u00f3n de Equipos\u00a0 Valor por Presupuesto<\/li>\n<li>Servicio de Instalaci\u00f3n de C\u00e1maras de Vigilancia\u00a0\u00a0Valor por Presupuesto<\/li>\n<li>Servicio de Cobranzas y Jur\u00eddicos\u00a0Valor seg\u00fan los Servicios a Convenir<\/li>\n<li>Servicios de Tasaciones Inmobiliarias Valor por\u00a0 presupuesto<\/li>\n<\/ol>\n","protected":false},"excerpt":{"rendered":"<p class=\"qua-blog-post-description\">No s\u00f3lo las Ventas y Finanzas son el quehacer de un negocio, tambi\u00e9n existen m\u00faltiples tareas operativas no menores que ayudan a mover los engranajes mayores de la actividad comercial, es por eso que adem\u00e1s de los servicios ofrecidos, tambi\u00e9n existen servicios de apoyo a la gesti\u00f3n y que a veces resultan en una distracci\u00f3n<\/p>\n<p class=\"qua-blog-post-description\"><a href=\"https:\/\/www.asysco.cl\/?page_id=691#more-691\" class=\"more-link\">Leer m\u00e1s<\/a><\/p>\n","protected":false},"author":1,"featured_media":706,"parent":0,"menu_order":0,"comment_status":"closed","ping_status":"closed","template":"","meta":{"footnotes":""},"class_list":["post-691","page","type-page","status-publish","has-post-thumbnail","hentry"],"_links":{"self":[{"href":"https:\/\/www.asysco.cl\/index.php?rest_route=\/wp\/v2\/pages\/691","targetHints":{"allow":["GET"]}}],"collection":[{"href":"https:\/\/www.asysco.cl\/index.php?rest_route=\/wp\/v2\/pages"}],"about":[{"href":"https:\/\/www.asysco.cl\/index.php?rest_route=\/wp\/v2\/types\/page"}],"author":[{"embeddable":true,"href":"https:\/\/www.asysco.cl\/index.php?rest_route=\/wp\/v2\/users\/1"}],"replies":[{"embeddable":true,"href":"https:\/\/www.asysco.cl\/index.php?rest_route=%2Fwp%2Fv2%2Fcomments&post=691"}],"version-history":[{"count":5,"href":"https:\/\/www.asysco.cl\/index.php?rest_route=\/wp\/v2\/pages\/691\/revisions"}],"predecessor-version":[{"id":718,"href":"https:\/\/www.asysco.cl\/index.php?rest_route=\/wp\/v2\/pages\/691\/revisions\/718"}],"wp:featuredmedia":[{"embeddable":true,"href":"https:\/\/www.asysco.cl\/index.php?rest_route=\/wp\/v2\/media\/706"}],"wp:attachment":[{"href":"https:\/\/www.asysco.cl\/index.php?rest_route=%2Fwp%2Fv2%2Fmedia&parent=691"}],"curies":[{"name":"wp","href":"https:\/\/api.w.org\/{rel}","templated":true}]}}